 what is -5 - -57a?
575
In base 16, what is -80f - 1a?
-829
In base 11, what is -93a75 + 11?
-93a64
In base 12, what is 2 - -16b50?
16b52
In base 3, what is 2 + 11221201112?
11221201121
In base 15, what is -cde0 + 6?
-cdd9
In base 8, what is 423 - 1557?
-1134
In base 13, what is 0 - 8c30?
-8c30
In base 2, what is -10001000000001 - 1100?
-10001000001101
In base 12, what is -3 + 7631?
762a
In base 13, what is -c228 + -7?
-c232
In base 2, what is -111101111 + 10001010101?
1001100110
In base 3, what is -20201202 + 21?
-20201111
In base 7, what is 1156 - -1251?
2440
In base 4, what is -2111113 - -2231?
-2102222
In base 7, what is 6 - -5623?
5632
In base 14, what is 4 + 1100b7?
1100bb
In base 3, what is 212012201 + 0?
212012201
In base 13, what is 17701a + -2?
177018
In base 7, what is 112333 + -110?
112223
In base 7, what is -440256 - -1?
-440255
In base 8, what is 2537412 - 2?
2537410
In base 9, what is 643 - -272?
1025
In base 9, what is 3 - 264?
-261
In base 4, what is -2 + 1000323100?
1000323032
In base 2, what is 100 - -101010100111010001000?
101010100111010001100
In base 11, what is 56696 - 5?
56691
In base 9, what is 2188 + 3476?
5675
In base 8, what is 174 + 1020?
1214
In base 15, what is 2075 - 5c?
2018
In base 8, what is 1 + 17073?
17074
In base 2, what is -1001 + -11001011111101101?
-11001011111110110
In base 15, what is 29e - 13?
28b
In base 2, what is 1100111 - 10010001010001?
-10001111101010
In base 6, what is -441 + 1443?
1002
In base 6, what is 1043534 - -3?
1043541
In base 11, what is 1 + -665?
-664
In base 2, what is 110 + -1000101011010101?
-1000101011001111
In base 14, what is -349 - 960?
-ca9
In base 13, what is -37b40 + 2?
-37b3b
In base 8, what is -132571 + -5?
-132576
In base 4, what is -130 - 1220131?
-1220321
In base 13, what is 67 + 79a?
834
In base 16, what is 15b - 295?
-13a
In base 8, what is -632 - 355?
-1207
In base 6, what is -1540450 - 5?
-1540455
In base 5, what is -42 - 43231?
-43323
In base 4, what is -12101312312 - 3?
-12101312321
In base 13, what is b9 - -940?
a29
In base 11, what is -18612 + 5?
-18608
In base 7, what is 3552132 - -10?
3552142
In base 8, what is 135030 - -6?
135036
In base 15, what is 114e3 + -5?
114dd
In base 4, what is -311130 + -11?
-311201
In base 10, what is -4111 - -48?
-4063
In base 16, what is -1f - 7197?
-71b6
In base 4, what is 2232122 + 1032?
2233220
In base 9, what is 7355 + 0?
7355
In base 12, what is -1016 + -74?
-108a
In base 16, what is 745 + -113?
632
In base 16, what is -9 - -9e4?
9db
In base 7, what is -3 + 653241?
653235
In base 14, what is -46 - -2bb?
275
In base 13, what is -3 - -997a?
9977
In base 2, what is 10010 - 110011111000100?
-110011110110010
In base 7, what is 5 + -143364?
-143356
In base 9, what is 56534 - 4?
56530
In base 14, what is -b300 - -3?
-b2db
In base 11, what is 5 + -9708?
-9703
In base 2, what is 101011110000011 + -100?
101011101111111
In base 4, what is -30131310 + 0?
-30131310
In base 13, what is cb + -227?
-129
In base 11, what is 2 - -12342?
12344
In base 13, what is 566 + 416?
97c
In base 10, what is -3 - -803940?
803937
In base 16, what is -1f25c + 4?
-1f258
In base 2, what is 101101110100010 - -1?
101101110100011
In base 13, what is -c + 134a1?
13492
In base 6, what is 252112 - 44?
252024
In base 4, what is 10211 - -11?
10222
In base 10, what is 34519 + -4?
34515
In base 13, what is 346 + -650?
-307
In base 4, what is -11 - -30230312?
30230301
In base 13, what is -a0498 - 1?
-a0499
In base 2, what is 1010011010111 - 100000?
1010010110111
In base 3, what is -12011210 + 201?
-12011002
In base 13, what is 57b + -5a?
521
In base 5, what is 3212 - 23242?
-20030
In base 8, what is -1 - 71140?
-71141
In base 2, what is 1000 - -111110111010101?
111110111011101
In base 14, what is a + -7d9?
-7cd
In base 13, what is -389 - -63?
-326
In base 14, what is 1dc1 + 2?
1dc3
In base 5, what is -2102232 + 20?
-2102212
In base 5, what is -1401 - 1444?
-3400
In base 13, what is -31 + 328?
2c7
In base 5, what is 144434 - 14?
144420
In base 12, what is 2 - -4528?
452a
In base 7, what is 3105 - -26?
3134
In base 4, what is 2 - -10301232?
10301300
In base 6, what is 42 - -144021?
144103
In base 5, what is -411 + 14314?
13403
In base 11, what is -6 + -296a6?
-29701
In base 13, what is -155a - -14?
-1546
In base 13, what is -a704a - 7?
-a7054
In base 12, what is 2639 - 8?
2631
In base 11, what is 143 - -2a0?
433
In base 8, what is -40455 + -6?
-40463
In base 9, what is -36748 - 3?
-36752
In base 11, what is 81131 - 3?
81129
In base 15, what is -6b - 875?
-8e1
In base 14, what is 7 - b61?
-b58
In base 16, what is -64a + -2d?
-677
In base 3, what is 221001200 + -11?
221001112
In base 9, what is -1 - -3530852?
3530851
In base 3, what is -1201222111 - 11?
-1201222122
In base 4, what is 100030 + -231?
33133
In base 5, what is -13234030 - -4?
-13234021
In base 12, what is 23944 - 6?
2393a
In base 13, what is -2c3 + -1?
-2c4
In base 6, what is -4 - -11321411?
11321403
In base 9, what is 6207 - 8?
6188
In base 4, what is -101 - -32110?
32003
In base 14, what is -2d27 + -1?
-2d28
In base 7, what is -2 + 13550251?
13550246
In base 4, what is 2 - 23012002?
-23012000
In base 8, what is 16374 - -13?
16407
In base 8, what is 345 + 1665?
2232
In base 8, what is -5 - 14504?
-14511
In base 11, what is 5 + 14a02?
14a07
In base 6, what is -54251 + -4?
-54255
In base 3, what is 20022122 + -211020?
12111102
In base 12, what is -11607 - -5?
-11602
In base 11, what is 19a8 + -a?
1999
In base 14, what is 4 - -3c87a?
3c880
In base 15, what is 0 + 18ee?
18ee
In base 11, what is 2 - -161117?
161119
In base 10, what is 157162 - -5?
157167
In base 10, what is 8852763 - 2?
8852761
In base 2, what is 11 - -1101111011001111?
1101111011010010
In base 7, what is 143 - -63434?
63610
In base 16, what is 8e82 + -3?
8e7f
In base 4, what is -1 - 10021100?
-10021101
In base 15, what is -1d34d + 4?
-1d349
In base 8, what is 11736 - 6?
11730
In base 15, what is -e748 - 1?
-e749
In base 8, what is 1562334 - -1?
1562335
In base 2, what is -10 - 1010100100101011?
-1010100100101101
In base 12, what is 105 - 38?
89
In base 6, what is -101 + -22521?
-23022
In base 14, what is -51 + -192?
-203
In base 5, what is 1 + 10222304?
10222310
In base 13, what is -2 - 14660?
-14662
In base 11, what is -2 + -76460?
-76462
In base 5, what is -4 - 11022414?
-11022423
In base 12, what is -2 - -63172?
63170
In base 7, what is 4 + 3063?
3100
In base 4, what is 30332212 + -11?
30332201
In base 2, what is 11110010001101000 + -1100?
11110010001011100
In base 15, what is -6 + 3ac?
3a6
In base 13, what is -22156b - 2?
-221570
In base 9, what is -132 - 427?
-560
In base 12, what is 183 + 62?
225
In base 12, what is 0 + 21a303?
21a303
In base 13, what is a + -9419?
-940c
In base 3, what is -100200020 - -11?
-100200002
In base 11, what is -5 + -8817?
-8821
In base 10, what is 79150 - 4?
79146
In base 12, what is -730 - 155?
-885
In base 6, what is -34554 + -2?
-35000
In base 10, what is -10 - -10315?
10305
In base 4, what is 1 - -231320?
231321
In base 14, what is -3a28 - 8?
-3a32
In base 7, what is -404532 + 20?
-404512
In base 15, what is 6 - 14338?
-14332
In base 5, what is 4032 - -2311?
11343
In base 14, what is 2 - 105da?
-105d8
In base 3, what is -1120202 + 12220?
-1100212
In base 15, what is 31e + -125?
1e9
In base 2, what is -10 - -10100010100101011?
10100010100101001
In base 5, what is -233403 + 1?
-233402
In base 15, what is -1b - 5572?
-558d
In base 13, what is 23 + 9?
2c
In base 9, what is 7 - 33665?
-33657
In base 7, what is -12011634 + -1?
-12011635
In base 9, what is 1 - -1102835?
1102836
In base 4, what is -2 + 112201311?
112201303
In base 15, what is -709 + 40?
-6b9
In base 3, what is -11 + -111211200?
-111211211
In base 15, what is 3 + -1a88a?
-1a887
In base 16, what is 19a837 - -3?
19a83a
In base 11, what is 647 - -105?
751
In base 6, what is -12052 - 323?
-12415
In base 9, what is -4 + -57878?
-57883
In base 13, what is 5 + -381ac8?
-381ac3
In base 9, what is -24 + 11687?
11663
In base 5, what is 232 - -43200?
43432
In base 11, what is 15 + 351?
366
In base 12, what is -1a787 - 4?
-1a78b
In base 5, what is 32 - 4100?
-4013
In base 15, what is -15 - 155?
-16a
In base 9, what is 0 + -35044?
-35044
In base 16, what is 1